{"id":23,"date":"2025-10-03T17:08:43","date_gmt":"2025-10-03T17:08:43","guid":{"rendered":"https:\/\/glowup.bernat26.es\/?page_id=23"},"modified":"2025-12-10T17:53:24","modified_gmt":"2025-12-10T17:53:24","slug":"home","status":"publish","type":"page","link":"https:\/\/glowup.bernat26.es\/","title":{"rendered":"Home"},"content":{"rendered":"\n<h2 class=\"wp-block-heading\"><strong>Tu transformaci\u00f3n total en Nutrici\u00f3n, Entrenamiento y Bienestar.<\/strong><\/h2>\n\n\n\n<div class=\"wp-block-group alignfull has-ast-global-color-5-background-color has-background is-layout-constrained wp-container-core-group-is-layout-9cedb757 wp-block-group-is-layout-constrained\" style=\"padding-bottom:0px\">\n<div class=\"wp-block-columns are-vertically-aligned-top is-layout-flex wp-container-core-columns-is-layout-00723822 wp-block-columns-is-layout-flex\">\n<div class=\"wp-block-column is-vertically-aligned-top is-layout-flow wp-container-core-column-is-layout-6b73ce23 wp-block-column-is-layout-flow\">\n<figure class=\"wp-block-image size-full is-resized\"><img loading=\"lazy\" decoding=\"async\" width=\"950\" height=\"534\" src=\"https:\/\/glowup.bernat26.es\/wp-content\/uploads\/2025\/11\/image-4.png\" alt=\"\" class=\"wp-image-38\" style=\"width:116px;height:auto\" srcset=\"https:\/\/glowup.bernat26.es\/wp-content\/uploads\/2025\/11\/image-4.png 950w, https:\/\/glowup.bernat26.es\/wp-content\/uploads\/2025\/11\/image-4-300x169.png 300w, https:\/\/glowup.bernat26.es\/wp-content\/uploads\/2025\/11\/image-4-768x432.png 768w\" sizes=\"auto, (max-width: 950px) 100vw, 950px\" \/><\/figure>\n\n\n\n<h3 class=\"wp-block-heading has-text-align-left\" style=\"margin-top:16px\">Nutrici\u00f3n<\/h3>\n\n\n\n<p class=\"has-text-align-left\">Planes alimenticios personalizados, flexibles y sin dietas aburridas. \u00a1Aprende a comer para ganar energ\u00eda y salud!<\/p>\n<\/div>\n\n\n\n<div class=\"wp-block-column is-vertically-aligned-top is-layout-flow wp-container-core-column-is-layout-6b73ce23 wp-block-column-is-layout-flow\">\n<figure class=\"wp-block-image size-large is-resized\"><img loading=\"lazy\" decoding=\"async\" width=\"1024\" height=\"494\" src=\"https:\/\/glowup.bernat26.es\/wp-content\/uploads\/2025\/11\/image-5-1024x494.png\" alt=\"\" class=\"wp-image-39\" style=\"width:135px;height:auto\" srcset=\"https:\/\/glowup.bernat26.es\/wp-content\/uploads\/2025\/11\/image-5-1024x494.png 1024w, https:\/\/glowup.bernat26.es\/wp-content\/uploads\/2025\/11\/image-5-300x145.png 300w, https:\/\/glowup.bernat26.es\/wp-content\/uploads\/2025\/11\/image-5-768x370.png 768w, https:\/\/glowup.bernat26.es\/wp-content\/uploads\/2025\/11\/image-5.png 1400w\" sizes=\"auto, (max-width: 1024px) 100vw, 1024px\" \/><\/figure>\n\n\n\n<h3 class=\"wp-block-heading has-text-align-left\" style=\"margin-top:16px\">Entrenamiento<\/h3>\n\n\n\n<p class=\"has-text-align-left\">Rutinas efectivas para cualquier nivel (casa o gimnasio). Optimiza tu tiempo y logra resultados reales y duraderos.<\/p>\n<\/div>\n\n\n\n<div class=\"wp-block-column is-vertically-aligned-top is-layout-flow wp-container-core-column-is-layout-6b73ce23 wp-block-column-is-layout-flow\">\n<figure class=\"wp-block-image size-full is-resized\"><img loading=\"lazy\" decoding=\"async\" width=\"300\" height=\"168\" src=\"https:\/\/glowup.bernat26.es\/wp-content\/uploads\/2025\/11\/image-6.png\" alt=\"\" class=\"wp-image-40\" style=\"width:116px;height:auto\"\/><\/figure>\n\n\n\n<h3 class=\"wp-block-heading has-text-align-left\" style=\"margin-top:16px\">Bienestar<\/h3>\n\n\n\n<p class=\"has-text-align-left\">Herramientas para una mente fuerte: gesti\u00f3n del estr\u00e9s, calidad del sue\u00f1o y fomento de un equilibrio mental.<\/p>\n<\/div>\n\n\n\n<div class=\"wp-block-column is-vertically-aligned-top is-layout-flow wp-container-core-column-is-layout-6b73ce23 wp-block-column-is-layout-flow\">\n<figure class=\"wp-block-image size-large is-resized\"><img loading=\"lazy\" decoding=\"async\" width=\"1024\" height=\"768\" src=\"https:\/\/glowup.bernat26.es\/wp-content\/uploads\/2025\/11\/image-1024x768.png\" alt=\"\" class=\"wp-image-34\" style=\"width:83px;height:auto\" srcset=\"https:\/\/glowup.bernat26.es\/wp-content\/uploads\/2025\/11\/image-1024x768.png 1024w, https:\/\/glowup.bernat26.es\/wp-content\/uploads\/2025\/11\/image-300x225.png 300w, https:\/\/glowup.bernat26.es\/wp-content\/uploads\/2025\/11\/image-768x576.png 768w, https:\/\/glowup.bernat26.es\/wp-content\/uploads\/2025\/11\/image.png 1200w\" sizes=\"auto, (max-width: 1024px) 100vw, 1024px\" \/><\/figure>\n\n\n\n<h3 class=\"wp-block-heading has-text-align-left\" style=\"margin-top:16px\">Comunidad<\/h3>\n\n\n\n<p class=\"has-text-align-left\">\u00danete a nuestra tribu. Acceso exclusivo a retos, apoyo grupal y contenido que te mantiene motivado d\u00eda a d\u00eda.<\/p>\n<\/div>\n<\/div>\n<\/div>\n\n\n\n<div class=\"wp-block-group alignfull is-layout-constrained wp-container-core-group-is-layout-45b0ac4f wp-block-group-is-layout-constrained\" id=\"services\" style=\"padding-top:144px;padding-bottom:0px\">\n<h2 class=\"wp-block-heading\">Nuestros pilares para tu transformaci\u00f3n<\/h2>\n\n\n\n<div class=\"wp-block-columns is-layout-flex wp-container-core-columns-is-layout-60cbf9bb wp-block-columns-is-layout-flex\" style=\"margin-top:50px\">\n<div class=\"wp-block-column is-layout-flow wp-container-core-column-is-layout-6b73ce23 wp-block-column-is-layout-flow\">\n<figure class=\"wp-block-image size-large\"><img loading=\"lazy\" decoding=\"async\" width=\"1024\" height=\"1024\" src=\"https:\/\/glowup.bernat26.es\/wp-content\/uploads\/2025\/11\/image-11-1024x1024.png\" alt=\"\" class=\"wp-image-45\" srcset=\"https:\/\/glowup.bernat26.es\/wp-content\/uploads\/2025\/11\/image-11-1024x1024.png 1024w, https:\/\/glowup.bernat26.es\/wp-content\/uploads\/2025\/11\/image-11-300x300.png 300w, https:\/\/glowup.bernat26.es\/wp-content\/uploads\/2025\/11\/image-11-150x150.png 150w, https:\/\/glowup.bernat26.es\/wp-content\/uploads\/2025\/11\/image-11-768x768.png 768w, https:\/\/glowup.bernat26.es\/wp-content\/uploads\/2025\/11\/image-11-1536x1536.png 1536w, https:\/\/glowup.bernat26.es\/wp-content\/uploads\/2025\/11\/image-11-2048x2048.png 2048w\" sizes=\"auto, (max-width: 1024px) 100vw, 1024px\" \/><\/figure>\n\n\n\n<h3 class=\"wp-block-heading\" style=\"margin-top:16px\">Nutrici\u00f3n Inteligente<\/h3>\n\n\n\n<p>Dise\u00f1amos planes alimenticios que se adaptan a tu ritmo de vida, no a dietas pasajeras. Aprende a nutrir tu cuerpo de forma consciente y deliciosa.<\/p>\n<\/div>\n\n\n\n<div class=\"wp-block-column is-layout-flow wp-container-core-column-is-layout-6b73ce23 wp-block-column-is-layout-flow\">\n<figure class=\"wp-block-image size-full\"><img loading=\"lazy\" decoding=\"async\" width=\"626\" height=\"626\" src=\"https:\/\/glowup.bernat26.es\/wp-content\/uploads\/2025\/11\/image-8.png\" alt=\"\" class=\"wp-image-42\" srcset=\"https:\/\/glowup.bernat26.es\/wp-content\/uploads\/2025\/11\/image-8.png 626w, https:\/\/glowup.bernat26.es\/wp-content\/uploads\/2025\/11\/image-8-300x300.png 300w, https:\/\/glowup.bernat26.es\/wp-content\/uploads\/2025\/11\/image-8-150x150.png 150w\" sizes=\"auto, (max-width: 626px) 100vw, 626px\" \/><\/figure>\n\n\n\n<h3 class=\"wp-block-heading\" style=\"margin-top:16px\">Entrenamiento Efectivo<\/h3>\n\n\n\n<p>Programas de entrenamiento dise\u00f1ados para maximizar tus resultados. Fuerza, resistencia y flexibilidad, adaptados a tu nivel y metas<\/p>\n<\/div>\n\n\n\n<div class=\"wp-block-column is-layout-flow wp-container-core-column-is-layout-6b73ce23 wp-block-column-is-layout-flow\">\n<figure class=\"wp-block-image size-full\"><img loading=\"lazy\" decoding=\"async\" width=\"626\" height=\"626\" src=\"https:\/\/glowup.bernat26.es\/wp-content\/uploads\/2025\/11\/image-10.png\" alt=\"\" class=\"wp-image-44\" srcset=\"https:\/\/glowup.bernat26.es\/wp-content\/uploads\/2025\/11\/image-10.png 626w, https:\/\/glowup.bernat26.es\/wp-content\/uploads\/2025\/11\/image-10-300x300.png 300w, https:\/\/glowup.bernat26.es\/wp-content\/uploads\/2025\/11\/image-10-150x150.png 150w\" sizes=\"auto, (max-width: 626px) 100vw, 626px\" \/><\/figure>\n\n\n\n<h3 class=\"wp-block-heading\" style=\"margin-top:16px\">Bienestar Integral<\/h3>\n\n\n\n<p>Cultiva una mente fuerte y un esp\u00edritu tranquilo. Te proporcionamos herramientas para gestionar el estr\u00e9s, mejorar el sue\u00f1o y vivir con mayor plenitud.<\/p>\n<\/div>\n<\/div>\n<\/div>\n\n\n\n<div class=\"wp-block-group alignfull has-ast-global-color-5-background-color has-background is-layout-constrained wp-container-core-group-is-layout-94d206d0 wp-block-group-is-layout-constrained\" id=\"about\" style=\"padding-top:143px;padding-bottom:144px\">\n<div class=\"wp-block-media-text has-media-on-the-right is-stacked-on-mobile is-vertically-aligned-center\" style=\"grid-template-columns:auto 46%\"><div class=\"wp-block-media-text__content\">\n<div class=\"inherit-container-width wp-block-group is-layout-constrained wp-container-core-group-is-layout-47ce07ec wp-block-group-is-layout-constrained\" style=\"padding-right:80px\">\n<h2 class=\"wp-block-heading\" style=\"padding-right:40px\">La ciencia de la nutrici\u00f3n y el movimiento con enfoque humano<\/h2>\n\n\n\n<p>Dejamos atr\u00e1s las modas y los mitos. Nuestro m\u00e9todo se basa en un enfoque integral y sostenible, combinando <strong>Nutrici\u00f3n, Entrenamiento y Bienestar<\/strong> para transformar no solo tu cuerpo, sino tu vida diaria.<\/p>\n\n\n\n<p>Trabajamos contigo para crear un camino personalizado. Te proporcionamos las herramientas y la gu\u00eda necesaria para que te sientas fuerte, equilibrado y con la energ\u00eda necesaria para brillar (<strong>Glow Up<\/strong>), logrando resultados que se mantienen a largo plazo.<\/p>\n<\/div>\n<\/div><figure class=\"wp-block-media-text__media\"><img decoding=\"async\" src=\"https:\/\/glowup.bernat26.es\/wp-content\/themes\/astra\/inc\/assets\/images\/starter-content\/about-us.jpg\" alt=\"\" class=\"wp-image-237 size-full\"\/><\/figure><\/div>\n<\/div>\n\n\n\n<div class=\"wp-block-group alignfull has-ast-global-color-4-background-color has-background is-layout-constrained wp-container-core-group-is-layout-6a2cfb7b wp-block-group-is-layout-constrained\" id=\"reviews\">\n<figure class=\"wp-block-image aligncenter size-full\"><img decoding=\"async\" src=\"https:\/\/glowup.bernat26.es\/wp-content\/themes\/astra\/inc\/assets\/images\/starter-content\/avatar.png\" alt=\"\" class=\"wp-image-235\"\/><\/figure>\n\n\n\n<p class=\"has-text-align-center\" style=\"font-size:22px;line-height:1.6\">\u201cLo mejor de GLOW UP es que va m\u00e1s all\u00e1 de un plan. <strong>Ofrecen una transformaci\u00f3n real<\/strong>, abordando la nutrici\u00f3n, el entrenamiento y el bienestar mental. Es la soluci\u00f3n integral que necesitaba para sentirme mejor..\u201d<\/p>\n\n\n\n<p class=\"has-text-align-center\"><strong>ANTONIO PEREZ<\/strong><\/p>\n<\/div>\n\n\n\n<p class=\"has-text-align-left\"><\/p>\n\n\n\n<div class=\"wp-block-group alignfull is-layout-constrained wp-container-core-group-is-layout-3fee123f wp-block-group-is-layout-constrained\" id=\"whyus\" style=\"padding-top:144px;padding-bottom:144px\">\n<h2 class=\"wp-block-heading\">\u00bfPor qu\u00e9 elegirnos?<\/h2>\n\n\n\n<div class=\"wp-block-columns is-layout-flex wp-container-core-columns-is-layout-29aadeec wp-block-columns-is-layout-flex\" style=\"margin-top:60px\">\n<div class=\"wp-block-column is-layout-flow wp-container-core-column-is-layout-6b73ce23 wp-block-column-is-layout-flow\">\n<figure class=\"wp-block-image size-large\"><img decoding=\"async\" src=\"https:\/\/glowup.bernat26.es\/wp-content\/themes\/astra\/inc\/assets\/images\/starter-content\/passionate.svg\" alt=\"\" class=\"wp-image-162\"\/><\/figure>\n\n\n\n<h3 class=\"wp-block-heading\" style=\"margin-top:16px\">Pasi\u00f3n<\/h3>\n\n\n\n<p>Creemos firmemente en el poder de la conexi\u00f3n mente-cuerpo. No solo te ayudamos a crear planes de entrenamiento y nutrici\u00f3n, sino que te ofrecemos herramientas de gesti\u00f3n del estr\u00e9s y mejora del sue\u00f1o para que alcances un bienestar completo y duradero.<\/p>\n<\/div>\n\n\n\n<div class=\"wp-block-column is-layout-flow wp-container-core-column-is-layout-6b73ce23 wp-block-column-is-layout-flow\">\n<figure class=\"wp-block-image size-large\"><img decoding=\"async\" src=\"https:\/\/glowup.bernat26.es\/wp-content\/themes\/astra\/inc\/assets\/images\/starter-content\/professional.svg\" alt=\"\" class=\"wp-image-163\"\/><\/figure>\n\n\n\n<h3 class=\"wp-block-heading\" style=\"margin-top:16px\">Profesional<\/h3>\n\n\n\n<p>Nuestro contenido est\u00e1 basado en la ciencia de la nutrici\u00f3n y el <em>fitness<\/em>. Olv\u00eddate de las dietas de moda y los ejercicios gen\u00e9ricos. Te proporcionamos estrategias espec\u00edficas y adaptadas a tu nivel, objetivos y estilo de vida para garantizar resultados sostenibles.<\/p>\n<\/div>\n\n\n\n<div class=\"wp-block-column is-layout-flow wp-container-core-column-is-layout-6b73ce23 wp-block-column-is-layout-flow\">\n<figure class=\"wp-block-image size-large\"><img decoding=\"async\" src=\"https:\/\/glowup.bernat26.es\/wp-content\/themes\/astra\/inc\/assets\/images\/starter-content\/support.svg\" alt=\"\" class=\"wp-image-164\"\/><\/figure>\n\n\n\n<h3 class=\"wp-block-heading\" style=\"margin-top:16px\">Apoyo<\/h3>\n\n\n\n<p>El bienestar es un camino, no un destino. Ofrecemos una comunidad de apoyo, respuestas a tus dudas y recursos constantes para mantenerte motivado. Estamos aqu\u00ed para guiarte en cada paso y celebrar tus logros, grandes y peque\u00f1os.<\/p>\n<\/div>\n<\/div>\n<\/div>\n","protected":false},"excerpt":{"rendered":"<p>Tu transformaci\u00f3n total en Nutrici\u00f3n, Entrenamiento y Bienestar. Nutrici\u00f3n Planes alimenticios personalizados, flexibles y sin dietas aburridas. \u00a1Aprende a comer [&hellip;]<\/p>\n","protected":false},"author":1,"featured_media":0,"parent":0,"menu_order":0,"comment_status":"closed","ping_status":"closed","template":"","meta":{"site-sidebar-layout":"default","site-content-layout":"","ast-site-content-layout":"default","site-content-style":"default","site-sidebar-style":"default","ast-global-header-display":"","ast-banner-title-visibility":"","ast-main-header-display":"","ast-hfb-above-header-display":"","ast-hfb-below-header-display":"","ast-hfb-mobile-header-display":"","site-post-title":"disabled","ast-breadcrumbs-content":"","ast-featured-img":"","footer-sml-layout":"","theme-transparent-header-meta":"","adv-header-id-meta":"","stick-header-meta":"","header-above-stick-meta":"","header-main-stick-meta":"","header-below-stick-meta":"","astra-migrate-meta-layouts":"default","ast-page-background-enabled":"default","ast-page-background-meta":{"desktop":{"background-color":"var(--ast-global-color-5)","background-image":"","background-repeat":"repeat","background-position":"center center","background-size":"auto","background-attachment":"scroll","background-type":"","background-media":"","overlay-type":"","overlay-color":"","overlay-opacity":"","overlay-gradient":""},"tablet":{"background-color":"","background-image":"","background-repeat":"repeat","background-position":"center center","background-size":"auto","background-attachment":"scroll","background-type":"","background-media":"","overlay-type":"","overlay-color":"","overlay-opacity":"","overlay-gradient":""},"mobile":{"background-color":"","background-image":"","background-repeat":"repeat","background-position":"center center","background-size":"auto","background-attachment":"scroll","background-type":"","background-media":"","overlay-type":"","overlay-color":"","overlay-opacity":"","overlay-gradient":""}},"ast-content-background-meta":{"desktop":{"background-color":"var(--ast-global-color-4)","background-image":"","background-repeat":"repeat","background-position":"center center","background-size":"auto","background-attachment":"scroll","background-type":"","background-media":"","overlay-type":"","overlay-color":"","overlay-opacity":"","overlay-gradient":""},"tablet":{"background-color":"var(--ast-global-color-4)","background-image":"","background-repeat":"repeat","background-position":"center center","background-size":"auto","background-attachment":"scroll","background-type":"","background-media":"","overlay-type":"","overlay-color":"","overlay-opacity":"","overlay-gradient":""},"mobile":{"background-color":"var(--ast-global-color-4)","background-image":"","background-repeat":"repeat","background-position":"center center","background-size":"auto","background-attachment":"scroll","background-type":"","background-media":"","overlay-type":"","overlay-color":"","overlay-opacity":"","overlay-gradient":""}},"footnotes":""},"class_list":["post-23","page","type-page","status-publish","hentry"],"_links":{"self":[{"href":"https:\/\/glowup.bernat26.es\/index.php?rest_route=\/wp\/v2\/pages\/23","targetHints":{"allow":["GET"]}}],"collection":[{"href":"https:\/\/glowup.bernat26.es\/index.php?rest_route=\/wp\/v2\/pages"}],"about":[{"href":"https:\/\/glowup.bernat26.es\/index.php?rest_route=\/wp\/v2\/types\/page"}],"author":[{"embeddable":true,"href":"https:\/\/glowup.bernat26.es\/index.php?rest_route=\/wp\/v2\/users\/1"}],"replies":[{"embeddable":true,"href":"https:\/\/glowup.bernat26.es\/index.php?rest_route=%2Fwp%2Fv2%2Fcomments&post=23"}],"version-history":[{"count":6,"href":"https:\/\/glowup.bernat26.es\/index.php?rest_route=\/wp\/v2\/pages\/23\/revisions"}],"predecessor-version":[{"id":85,"href":"https:\/\/glowup.bernat26.es\/index.php?rest_route=\/wp\/v2\/pages\/23\/revisions\/85"}],"wp:attachment":[{"href":"https:\/\/glowup.bernat26.es\/index.php?rest_route=%2Fwp%2Fv2%2Fmedia&parent=23"}],"curies":[{"name":"wp","href":"https:\/\/api.w.org\/{rel}","templated":true}]}}